98?
90
Calculate the remainder when 201 is divided by 17.
14
Calculate the remainder when 352041 is divided by 127.
124
What is the remainder when 3267 is divided by 993?
288
Calculate the remainder when 15097 is divided by 508.
365
What is the remainder when 667712 is divided by 69?
68
What is the remainder when 3161 is divided by 973?
242
What is the remainder when 2065 is divided by 157?
24
What is the remainder when 24681 is divided by 425?
31
Calculate the remainder when 146468 is divided by 158.
2
What is the remainder when 15593 is divided by 46?
45
Calculate the remainder when 16900 is divided by 401.
58
What is the remainder when 236171 is divided by 7?
5
What is the remainder when 118455 is divided by 1481?
1456
Calculate the remainder when 49126 is divided by 31.
22
What is the remainder when 21108 is divided by 4218?
18
What is the remainder when 4957893 is divided by 334?
331
Calculate the remainder when 5688 is divided by 1379.
172
Calculate the remainder when 4115 is divided by 232.
171
Calculate the remainder when 293995 is divided by 74.
67
What is the remainder when 219895 is divided by 159?
157
What is the remainder when 170906 is divided by 81?
77
What is the remainder when 2634 is divided by 19?
12
What is the remainder when 224 is divided by 9?
8
Calculate the remainder when 16093 is divided by 116.
85
Calculate the remainder when 383731 is divided by 509.
454
What is the remainder when 616585 is divided by 61?
58
Calculate the remainder when 51418 is divided by 6427.
2
What is the remainder when 146680 is divided by 261?
259
Calculate the remainder when 14122 is divided by 69.
46
What is the remainder when 14802 is divided by 337?
311
Calculate the remainder when 3313 is divided by 777.
205
Calculate the remainder when 18370 is divided by 93.
49
What is the remainder when 7079 is divided by 18?
5
Calculate the remainder when 15891 is divided by 56.
43
What is the remainder when 5407 is divided by 4?
3
Calculate the remainder when 1882 is divided by 574.
160
Calculate the remainder when 19791 is divided by 56.
23
Calculate the remainder when 17805 is divided by 58.
57
What is the remainder when 1830 is divided by 1807?
23
Calculate the remainder when 8271 is divided by 22.
21
What is the remainder when 66645 is divided by 33236?
173
What is the remainder when 81911 is divided by 640?
631
Calculate the remainder when 109349 is divided by 25.
24
Calculate the remainder when 664 is divided by 77.
48
What is the remainder when 18610 is divided by 98?
88
What is the remainder when 481356 is divided by 139?
138
What is the remainder when 7593 is divided by 9?
6
What is the remainder when 13986 is divided by 28?
14
What is the remainder when 1727493 is divided by 758?
11
What is the remainder when 244 is divided by 76?
16
What is the remainder when 121623 is divided by 18?
15
What is the remainder when 14239 is divided by 42?
1
What is the remainder when 64989 is divided by 134?
133
Calculate the remainder when 102319 is divided by 25579.
3
What is the remainder when 2239 is divided by 226?
205
What is the remainder when 3724 is divided by 1168?
220
What is the remainder when 1087 is divided by 373?
341
What is the remainder when 7194 is divided by 2236?
486
What is the remainder when 43216 is divided by 14?
12
Calculate the remainder when 161369 is divided by 161351.
18
Calculate the remainder when 115108 is divided by 15.
13
Calculate the remainder when 28687 is divided by 10.
7
Calculate the remainder when 9143 is divided by 179.
14
What is the remainder when 4887 is divided by 3829?
1058
Calculate the remainder when 341 is divided by 61.
36
What is the remainder when 23838 is divided by 182?
178
What is the remainder when 660797 is divided by 25?
22
What is the remainder when 24539 is divided by 217?
18
What is the remainder when 10513 is divided by 877?
866
Calculate the remainder when 3065 is divided by 979.
128
Calculate the remainder when 4277 is divided by 922.
589
Calculate the remainder when 33332 is divided by 56.
12
Calculate the remainder when 74058 is divided by 1257.
1152
What is the remainder when 2758 is divided by 375?
133
What is the remainder when 191780 is divided by 4080?
20
What is the remainder when 55268 is divided by 83?
73
What is the remainder when 7207 is divided by 57?
25
Calculate the remainder when 53667 is divided by 546.
159
Calculate the remainder when 4409 is divided by 489.
8
What is the remainder when 8596 is divided by 36?
28
What is the remainder when 63172 is divided by 445?
427
Calculate the remainder when 11762 is divided by 198.
80
What is the remainder when 17237 is divided by 21?
17
What is the remainder when 2207 is divided by 563?
518
What is the remainder when 337955 is divided by 58?
47
Calculate the remainder when 57175 is divided by 502.
449
What is the remainder when 14879 is divided by 2223?
1541
Calculate the remainder when 1377483 is divided by 594.
591
Calculate the remainder when 678012 is divided by 117.
114
Calculate the remainder when 188130 is divided by 151.
135
Calculate the remainder when 88559 is divided by 16.
15
Calculate the remainder when 42757 is divided by 10687.
9
What is the remainder when 7086 is divided by 203?
184
What is the remainder when 145717 is divided by 763?
747
What is the remainder when 115876 is divided by 98?
40
What is the remainder when 87731 is divided by 3372?
59
What is the remainder when 56118 is divided by 210?
48
Calculate the remainder when 2648 is divided by 282.
110
What is the remainder when 335517 is divided by 766?
9
What is the remainder when 717800 is divided by 272?
264
What is the remainder when 2218 is divided by 15?
13
Calculate the remainder when 2918 is divided by 1044.
830
Calculate the remainder when 32736 is divided by 10912.
0
What is the remainder when 61278 is divided by 30636?
6
What is the remainder when 799 is divided by 152?
39
Calculate the remainder when 22847 is divided by 11402.
43
Calculate the remainder when 1777434 is divided by 224.
218
Calculate the remainder when 8490 is divided by 1048.
106
Calculate the remainder when 512814 is divided by 407.
401
Calculate the remainder when 617 is divided by 295.
27
Calculate the remainder when 21590 is divided by 30.
20
Calculate the remainder when 982 is divided by 529.
453
What is the remainder when 7864 is divided by 2590?
94
What is the remainder when 26120 is divided by 20?
0
Calculate the remainder when 12048 is divided by 1004.
0
What is the remainder when 1303 is divided by 277?
195
What is the remainder when 247 is divided by 34?
9
What is the remainder when 37210 is divided by 1488?
10
What is the remainder when 52237 is divided by 109?
26
Calculate the remainder when 3006 is divided by 378.
360
Calculate the remainder when 42241 is divided by 464.
17
Calculate the remainder when 90416 is divided by 15.
11
What is the remainder when 3075 is divided by 616?
611
Calculate the remainder when 54941 is divided by 47.
45
Calculate the remainder when 4689 is divided by 350.
139
Calculate the remainder when 850 is divided by 103.
26
Calculate the remainder when 57066 is divided by 42.
30
What is the remainder when 7095 is divided by 42?
39
Calculate the remainder when 1540 is divided by 1326.
214
What is the remainder when 6039 is divided by 92?
59
Calculate the remainder when 4519 is divided by 53.
14
Calculate the remainder when 23886 is divided by 3412.
2
What is the remainder when 6836 is divided by 3398?
40
What is the remainder when 7756 is divided by 2578?
22
Calculate the remainder when 3559 is divided by 149.
132
Calculate the remainder when 3361 is divided by 60.
1
What is the remainder when 1244092 is divided by 34?
32
Calculate the remainder when 13166 is divided by 12834.
332
What is the remainder when 67083 is divided by 4472?
3
What is the remainder when 18964 is divided by 97?
49
What is the remainder when 7961 is divided by 992?
25
What is the remainder when 5393 is divided by 246?
227
What is the remainder when 703601 is divided by 491?
489
Calculate the remainder when 35051 is divided by 20.
11
Calculate the remainder when 58047 is divided by 8289.
24
What is the remainder when 1521 is divided by 945?
576
What is the remainder when 263